e the remainder when t is divided by r.
10
Let v = 130 + -219. Let i = 151 + v. What is the remainder when i is divided by 30?
2
Let n = 44 + -38. Let r(k) = -k**2 - 8*k + 1. Let u be r(-7). Suppose 43 - 11 = u*o. What is the remainder when n is divided by o?
2
Let g be -2 + 108/48 - 103/(-4). Suppose 0 = -36*f + g*f + 370. Calculate the remainder when 145 is divided by f.
34
Suppose 0 = 5*i + 8 - 38. Let y be 1548/27*3*i. Calculate the remainder when (-4)/10 + y/30 + -1 is divided by 17.
16
Let w = -47457 - -47494. Suppose -1297 = -4*d + 5*g - 0*g, -4*g = -d + 316. What is the remainder when d is divided by w?
32
Suppose -59 = -c - 4*a, -3*c + 5*a = 18 - 178. Let s = c + 37. Calculate the remainder when s is divided by 31.
30
Let h = 1411 + -1189. What is the remainder when h is divided by 45?
42
Suppose 9*y + 146 = -178. Let b = 260 + y. Calculate the remainder when b is divided by 15.
14
Suppose 0 = -5*m + 476 + 239. Suppose 3954 = 356*x + 268*x + 35*x. Calculate the remainder when m is divided by x.
5
Let l = 15 + 19. Let f be -1 - (1 + -2) - (32 - l). Let u(g) = 21*g**3 - 2*g**2 + 6*g - 5. What is the remainder when u(f) is divided by 24?
23
Suppose 2*b + 1694 = 2*k, -65*k = -80*k + b + 12565. Let n = 95 + -55. Calculate the remainder when k is divided by n.
37
Let z = 168 - 85. Let r = -86477 - -86562. Calculate the remainder when r is divided by z.
2
Suppose 78*l - 10520 = 9176 - 2146. What is the remainder when 1104 is divided by l?
204
Suppose 5*u - 3*k + 2*k - 206 = 0, 5*u - 226 = -4*k. Let l be (38 + 6)*(-90)/(-24). Suppose -28*d + l = -507. Calculate the remainder when u is divided by d.
18
Suppose -121 + 6 = -5*q. Let x(m) = -2*m + 71. Let t be x(-22). Let b = t + -48. Calculate the remainder when b is divided by q.
21
Suppose 2*d = -2*m + 124, -4*m + 268 = d + 14. Suppose -3*c - 20*f + 84 = -23*f, -2*c + m = 2*f. Calculate the remainder when 114 is divided by c.
24
Let p(x) be the second derivative of x**4/12 - 4*x**3/3 - 29*x**2 + 4*x - 8. Calculate the remainder when p(-11) is divided by 11.
8
Suppose 2*j - 3*j = -5*v + 160, j = 0. Suppose 12*c = 20*c - v. What is the remainder when 12 is divided by c?
0
Let a be -2 + 3 + (-6 - -1). Let z(n) = -4*n - 12. Let h be z(a). Suppose o - 74 = -h*q, 27 = 5*q - 3*o - 57. Calculate the remainder when 30 is divided by q.
12
Suppose -d + 12 = -96. Let s = d - 45. What is the remainder when s is divided by 18?
9
Let s = 34795 - 34746. What is the remainder when 265 is divided by s?
20
Let g(t) = -3*t**3 + 4*t**2 - 22*t - 15. Let i be g(-6). Let f = i - 831. Calculate the remainder when 467 is divided by f.
77
Let d(f) = -2*f**2 + 350*f + 3049. Calculate the remainder when 1280 is divided by d(183).
70
Suppose 5*z + 795 + 241 = 19*z. Calculate the remainder when 506 is divided by z.
62
Let y = 7007 - 6249. What is the remainder when y is divided by 194?
176
Suppose -m + 2 = -0*m. Suppose -j - 4*j = 5*l - 345, m*j - 3*l = 138. Calculate the remainder when j is divided by 27.
15
Let t(d) = 32*d**3 - d**2 - 3*d - 9. Let g be t(-3). What is the remainder when (2/6)/(-3 + (-2622)/g) is divided by 11?
9
Suppose 5*c - 1 = -4*x + 21, -3*x - c = 0. Let l(k) = -k + 5*k - 5 - 3*k - 3*k**3 + k**2. What is the remainder when l(x) is divided by 12?
9
Suppose -5*s = -48 - 12. Let w be s/(-14)*2/3*-7. Suppose w*y = 3 + 21. What is the remainder when 9 is divided by y?
3
Let w(k) = -k**2 - 33*k - 208. Let d be (-1246)/63 + (-60)/27 + 2. Calculate the remainder when w(d) is divided by 52.
0
Suppose -2*p - 3*m = -1313, -3*p + 3*m + 5723 = 3806. Calculate the remainder when p is divided by 313.
20
Let c(v) = -13*v**2 + 13*v + 30. What is the remainder when 212 is divided by c(2)?
0
Let n be 0/(6/(-12)*8). Suppose 0 = 2*a + 3*u - 352 + 17, 2*a - u - 323 = n. What is the remainder when a is divided by 33?
31
Suppose -5*c + 69 = -81. Suppose -c*m + 9*m + 1239 = 0. What is the remainder when 175 is divided by m?
57
Calculate the remainder when 3*-3821*(-1)/15*10 is divided by 13.
11
Let t = -24 - -31. Suppose -c - 6*c = -t. Calculate the remainder when c + (-1 + 3 - 1)*8 is divided by 4.
1
Let d(k) = 2 - 22*k + 1 - 2 - 10*k. Let b(y) = -9*y**3 - 30*y**2 + 11*y - 13. Calculate the remainder when d(-6) is divided by b(-4).
37
Let s(w) = -10 - 3*w**2 + 24 - 5*w**2 - w**3 + w**2 + 2*w + 17. What is the remainder when (-2 - -2) + (67 - 0) is divided by s(-7)?
16
Let v(s) = -s**3 + 35*s**2 + s + 59. Let y(i) = 2*i**2 - 16*i - 5. Let b be y(10). Let o(f) = f**3 - f + 8. What is the remainder when v(b) is divided by o(0)?
6
Let a(x) = x**2 + 110*x - 758. What is the remainder when 4264 is divided by a(7)?
55
Suppose -4*l = 3 - 15. Let t(h) = 5*h - 16. Let f be t(l). Let o(j) = -8*j**3 - j**2 + j + 2. Calculate the remainder when 29 is divided by o(f).
5
Suppose -1339*r + 678*r = -679*r + 198. Calculate the remainder when 135/4 + 1/4 is divided by r.
1
Let o(j) = -j**3 - 25*j**2 - 67*j - 460. Calculate the remainder when 4/12 - 808/(-6) is divided by o(-23).
20
Let t = 68 - 64. Suppose -3*g - 26 = -t*n + 91, n - 18 = 3*g. What is the remainder when 41 is divided by (-6)/n - (-932)/44?
20
Suppose 0 = 195*h - 199*h + 760. Calculate the remainder when 665/h*(-194)/(-7) is divided by 13.
6
Let d(t) = 6*t**2 + 12*t - 10. Let o be d(1). Suppose -h = -5*r - 7, o*h - 3*r - 33 = 5*h. What is the remainder when 322 is divided by h?
10
Let p(u) = u + 185. What is the remainder when p(-71) is divided by 2/(-6)*(6 - 12)?
0
Let y = -9 - -15. Suppose -i = -3*g + 34, -4*g + y + 6 = 0. What is the remainder when 2/10 - 1245/i is divided by 18?
14
Let i be (2 - 3) + (11 - 6). Suppose -3*w - i*l = -19, w - 2*l + 29 = 4*w. Calculate the remainder when 142 is divided by w.
12
Suppose 0 = 101*f - 26726 - 52761. What is the remainder when f is divided by 11?
6
Let b(d) = 5*d + 4. Suppose -2*o - z = -7, 10*z - 12*z = 5*o - 17. What is the remainder when b(o) is divided by 10?
9
Let b = -5506 - -5792. What is the remainder when 574 is divided by b?
2
Let t be (16/(192/(-90)))/(2/(-72)). Suppose 7*c + t = 22*c. What is the remainder when c is divided by 12?
6
Let y = 1602 + -1471. Suppose 0 = 5*i - 128 - 107. Calculate the remainder when y is divided by i.
37
Let s(g) be the second derivative of g**4/6 - 5*g**2 - 8*g. Calculate the remainder when s(-6) is divided by -12*530/(-200) + (-2)/(-10).
30
Let q = 26 + -22. Suppose q*f - 2*z = 16, -3*z = -3*f + 2*f + 9. Suppose 6 = x + 5, f*h - 76 = 2*x. Calculate the remainder when 51 is divided by h.
25
Suppose -5*t + 0*v = 5*v - 30, 0 = 5*t + 4*v - 27. Let z = t - 23. What is the remainder when 68 is divided by 346/10 + (-8)/z?
33
Suppose 18 = q - 12. What is the remainder when (7*14)/((292/(-1679))/(6/(-69))) is divided by q?
19
Suppose -4*n - 32*h + 3812 = -28*h, 5*n - 4767 = -4*h. Calculate the remainder when n is divided by 80.
75
What is the remainder when (20 - 575)*((7 - 4) + (-9 - -5)) is divided by 154?
93
Suppose -4*m + k + 56903 = -60358, -87948 = -3*m + k. What is the remainder when m is divided by 84?
81
Let x = -8789 - -8799. Calculate the remainder when 2315 is divided by x.
5
Suppose 45 = -3*f + 3 + 111. What is the remainder when 23550 is divided by f?
21
Calculate the remainder when 3930 is divided by 6/(-34) - (-305487)/6341.
42
Let f(j) = -j**3 - 26*j**2 - 49*j + 37. Suppose -5*o + 33 - 144 = 3*m, 3*m = 9. What is the remainder when 425 is divided by f(o)?
59
Suppose -41 = 16*v - 17*v. Suppose -b + 2605 = 4*j - 6*b, -2*b + 1971 = 3*j. Calculate the remainder when j is divided by v.
40
Calculate the remainder when 3919 is divided by (-3)/2 - (-23)/((-414)/(-747)).
39
Suppose 0 = 11*q - 103 + 94 - 211. What is the remainder when 1818 is divided by q?
18
Suppose 4*t - 1 + 0 = -3*c, -25 = 5*c. Suppose 0 = -2*s + 3*v - 3, -t*s - 5*v = -4 - 45. Calculate the remainder when 39/42*10 + (-12)/42 is divided by s.
3
Let n = 17676 + -17380. What is the remainder when 2069 is divided by n?
293
Suppose -430 = 2*p - 7*p. Let n(f) = f**2 + 165*f - 2504. Calculate the remainder when p is divided by n(14).
0
Let m = -381 - -206. Let n = -147 - m. Calculate the remainder when 108 is divided by n.
24
Let z(l) = l**3 - 16*l**2 + 13*l + 33. Let o be z(15). Suppose 0 = -3*d - o*d. Suppose d = 17*c - 23*